ed by 279.
258
What is the remainder when 283040 is divided by 8?
0
What is the remainder when 269542 is divided by 44?
42
Calculate the remainder when 1098 is divided by 73.
3
Calculate the remainder when 29020 is divided by 46.
40
What is the remainder when 95769 is divided by 46?
43
Calculate the remainder when 43238 is divided by 5.
3
What is the remainder when 576 is divided by 101?
71
What is the remainder when 30555 is divided by 413?
406
Calculate the remainder when 3389 is divided by 246.
191
Calculate the remainder when 3444 is divided by 957.
573
Calculate the remainder when 48517 is divided by 121.
117
What is the remainder when 146473 is divided by 29285?
48
Calculate the remainder when 44978 is divided by 393.
176
Calculate the remainder when 419 is divided by 245.
174
What is the remainder when 5969 is divided by 121?
40
What is the remainder when 5802191 is divided by 648?
647
What is the remainder when 976 is divided by 742?
234
Calculate the remainder when 81669 is divided by 66.
27
Calculate the remainder when 13725 is divided by 136.
125
Calculate the remainder when 22638 is divided by 631.
553
What is the remainder when 3047 is divided by 201?
32
What is the remainder when 1196 is divided by 789?
407
Calculate the remainder when 16949 is divided by 16937.
12
What is the remainder when 37379 is divided by 228?
215
Calculate the remainder when 740 is divided by 549.
191
Calculate the remainder when 616272 is divided by 33.
30
What is the remainder when 93118 is divided by 5173?
4
Calculate the remainder when 27274 is divided by 88.
82
What is the remainder when 40410 is divided by 109?
80
What is the remainder when 16401 is divided by 164?
1
What is the remainder when 6420 is divided by 25?
20
What is the remainder when 14139 is divided by 157?
9
Calculate the remainder when 68915 is divided by 2996.
7
What is the remainder when 1826 is divided by 860?
106
Calculate the remainder when 1173125 is divided by 7769.
6
Calculate the remainder when 104291 is divided by 87.
65
Calculate the remainder when 31030 is divided by 80.
70
What is the remainder when 609684 is divided by 24?
12
What is the remainder when 2751 is divided by 466?
421
Calculate the remainder when 730195 is divided by 100.
95
Calculate the remainder when 716456 is divided by 39803.
2
Calculate the remainder when 23322 is divided by 178.
4
What is the remainder when 789 is divided by 132?
129
Calculate the remainder when 5937 is divided by 183.
81
Calculate the remainder when 2527680 is divided by 27.
21
What is the remainder when 28557 is divided by 348?
21
What is the remainder when 35876 is divided by 588?
8
What is the remainder when 32439 is divided by 79?
49
Calculate the remainder when 63984 is divided by 50.
34
What is the remainder when 78633 is divided by 39156?
321
What is the remainder when 3859 is divided by 350?
9
What is the remainder when 1655043 is divided by 551679?
6
What is the remainder when 44103 is divided by 337?
293
Calculate the remainder when 148300 is divided by 62.
58
Calculate the remainder when 146996 is divided by 7.
3
What is the remainder when 306 is divided by 180?
126
Calculate the remainder when 261576 is divided by 68.
48
Calculate the remainder when 25492 is divided by 1936.
324
Calculate the remainder when 656986 is divided by 16.
10
Calculate the remainder when 454046 is divided by 50.
46
What is the remainder when 40887 is divided by 322?
315
What is the remainder when 12219 is divided by 15?
9
Calculate the remainder when 395 is divided by 35.
10
What is the remainder when 1457 is divided by 66?
5
Calculate the remainder when 38269 is divided by 208.
205
What is the remainder when 14123 is divided by 644?
599
Calculate the remainder when 7848 is divided by 7829.
19
What is the remainder when 729303 is divided by 3440?
23
What is the remainder when 25292 is divided by 97?
72
What is the remainder when 5377 is divided by 134?
17
What is the remainder when 278045 is divided by 11585?
5
Calculate the remainder when 482 is divided by 43.
9
Calculate the remainder when 685031 is divided by 276.
275
What is the remainder when 6629 is divided by 8?
5
Calculate the remainder when 101202 is divided by 1659.
3
Calculate the remainder when 72975 is divided by 90.
75
What is the remainder when 29665 is divided by 5?
0
What is the remainder when 1213 is divided by 6?
1
What is the remainder when 793 is divided by 292?
209
What is the remainder when 38373 is divided by 38367?
6
Calculate the remainder when 495 is divided by 127.
114
Calculate the remainder when 12055 is divided by 318.
289
Calculate the remainder when 47185 is divided by 3.
1
What is the remainder when 996291 is divided by 723?
720
Calculate the remainder when 260 is divided by 72.
44
Calculate the remainder when 3548 is divided by 132.
116
What is the remainder when 6853 is divided by 298?
297
What is the remainder when 9678 is divided by 362?
266
What is the remainder when 993 is divided by 100?
93
What is the remainder when 11473 is divided by 261?
250
What is the remainder when 160735 is divided by 1086?
7
What is the remainder when 786572 is divided by 196641?
8
Calculate the remainder when 32657 is divided by 355.
352
Calculate the remainder when 60004 is divided by 260.
204
What is the remainder when 9403 is divided by 42?
37
Calculate the remainder when 303452 is divided by 443.
440
Calculate the remainder when 4567 is divided by 11.
2
What is the remainder when 3558 is divided by 15?
3
Calculate the remainder when 16174 is divided by 395.
374
What is the remainder when 5063 is divided by 5057?
6
What is the remainder when 31095 is divided by 228?
87
What is the remainder when 1314072 is divided by 525?
522
Calculate the remainder when 8587 is divided by 19.
18
Calculate the remainder when 5836 is divided by 272.
124
Calculate the remainder when 421184 is divided by 322.
8
What is the remainder when 654886 is divided by 156?
154
What is the remainder when 20512 is divided by 171?
163
Calculate the remainder when 57951 is divided by 161.
152
What is the remainder when 9083 is divided by 72?
11
What is the remainder when 4653 is divided by 72?
45
Calculate the remainder when 191179 is divided by 869.
868
What is the remainder when 1602947 is divided by 417?
416
Calculate the remainder when 263371 is divided by 1656.
67
Calculate the remainder when 2763 is divided by 10.
3
Calculate the remainder when 45487 is divided by 247.
39
What is the remainder when 2200 is divided by 831?
538
What is the remainder when 8505 is divided by 133?
126
What is the remainder when 1267 is divided by 267?
199
Calculate the remainder when 20136 is divided by 6711.
3
What is the remainder when 1222175 is divided by 1392?
1391
Calculate the remainder when 8004 is divided by 178.
172
What is the remainder when 87766 is divided by 97?
78
What is the remainder when 15806 is divided by 5251?
53
Calculate the remainder when 950402 is divided by 8193.
14
Calculate the remainder when 545297 is divided by 82.
79
What is the remainder when 1952 is divided by 71?
35
Calculate the remainder when 12683 is divided by 14.
13
Calculate the remainder when 3613258 is divided by 10.
8
Calculate the remainder when 3908 is divided by 1948.
12
What is the remainder when 7558 is divided by 347?
271
What is the remainder when 1092806 is divided by 499?
495
What is the remainder when 40462 is divided by 340?
2
What is the remainder when 6859 is divided by 1341?
154
What is the remainder when 5484 is divided by 147?
45
What is the remainder when 7325 is divided by 77?
10
Calculate the remainder when 12614 is divided by 325.
264
What is the remainder when 1251 is divided by 130?
81
What is the remainder when 1220 is divided by 602?
16
Calculate the remainder when 229339 is divided by 20.
19
What is the remainder when 10791 is divided by 48?
39
Calculate the remainder when 870552 is divided by 5.
2
What is the remainder when 231943 is divided by 21?
19
What is the remainder when 937587 is divided by 164?
163
What is the remainder when 55535 is divided by 2642?
53
Calculate the remainder when 9746 is divided by 1373.
135
What is the remainder when 82319 is divided by 15?
14
Calculate the remainder when 1282